hat is 4466 (base 11) in base 7?
23100
What is 742 (base 8) in base 12?
342
Convert -1a81 (base 14) to base 8.
-11321
Convert 100121 (base 3) to base 4.
10003
Convert -304 (base 6) to base 3.
-11011
Convert 15c (base 16) to base 5.
2343
What is -358 (base 11) in base 10?
-426
727 (base 15) to base 3
2012201
-371 (base 16) to base 13
-52a
What is -4a (base 14) in base 10?
-66
-100011010111011 (base 2) to base 9
-26748
Convert -5181 (base 11) to base 14.
-2705
What is 181 (base 14) in base 6?
1233
Convert 1c36 (base 16) to base 2.
1110000110110
What is 371 (base 12) in base 14?
28d
-3137 (base 12) to base 6
-40511
24621 (base 8) to base 9
15533
446 (base 9) to base 8
556
14123 (base 5) to base 10
1163
-1274 (base 9) to base 16
-3be
What is -3081 (base 9) in base 7?
-6406
Convert 137 (base 12) to base 9.
227
What is 45424 (base 6) in base 4?
1210120
27945 (base 10) to base 8
66451
What is 14556 (base 7) in base 8?
7733
What is -443110 (base 6) in base 16?
-9072
What is 2805 (base 14) in base 15?
215b
Convert -281 (base 10) to base 15.
-13b
What is -143d1 (base 14) in base 2?
-1100001111110011
What is 1010001101100 (base 2) in base 8?
12154
Convert -43122 (base 6) to base 3.
-22001212
Convert 1411213 (base 6) to base 11.
5468a
-23345 (base 6) to base 13
-16ca
Convert -53a4 (base 16) to base 10.
-21412
What is -240 (base 5) in base 6?
-154
-c55 (base 13) to base 9
-2781
Convert 7307 (base 8) to base 9.
5163
100010101100 (base 2) to base 10
2220
Convert -424024 (base 6) to base 7.
-202543
-7b7 (base 16) to base 5
-30400
What is 2c7 (base 15) in base 2?
1001111101
What is -11112231 (base 4) in base 5?
-1200213
Convert -4331 (base 6) to base 8.
-1737
11000110000 (base 2) to base 12
b00
Convert 10615 (base 10) to base 12.
6187
420020 (base 5) to base 15
4125
Convert -333311 (base 7) to base 11.
-40202
1ed (base 16) to base 5
3433
Convert -2605a (base 11) to base 14.
-d869
Convert 36b2 (base 13) to base 4.
1321012
What is -1100101010 (base 2) in base 9?
-1100
What is 100010000010 (base 2) in base 12?
1316
-1230203 (base 5) to base 16
-5cfb
Convert -101052 (base 8) to base 3.
-1200201011
Convert 46145 (base 8) to base 9.
28740
263 (base 7) to base 5
1033
What is 15452 (base 7) in base 4?
1003331
Convert -115330 (base 6) to base 16.
-2826
2442 (base 5) to base 10
372
What is -54040 (base 6) in base 3?
-101002220
What is -8901 (base 13) in base 9?
-28170
-20 (base 9) to base 16
-12
What is -248 (base 16) in base 7?
-1463
Convert -21a (base 12) to base 3.
-102111
1d (base 16) to base 15
1e
Convert 14732 (base 11) to base 7.
114531
143240 (base 5) to base 8
13666
Convert -726a (base 13) to base 11.
-10969
-1337 (base 13) to base 7
-11006
What is 1001020022 (base 3) in base 15?
6172
What is -480 (base 9) in base 12?
-290
What is 51829 (base 10) in base 14?
14c61
Convert -31 (base 16) to base 7.
-100
What is -3698 (base 10) in base 7?
-13532
Convert -d624 (base 15) to base 5.
-2422014
-174 (base 11) to base 16
-ca
18cb (base 13) to base 3
12002122
What is -241 (base 15) in base 5?
-4021
-362 (base 10) to base 4
-11222
1151 (base 9) to base 4
31120
-656 (base 8) to base 13
-271
What is -925 (base 16) in base 4?
-210211
Convert 12260 (base 8) to base 14.
1d04
Convert -1017 (base 8) to base 5.
-4102
1349 (base 10) to base 3
1211222
-f9 (base 16) to base 12
-189
What is -8874 (base 12) in base 8?
-35330
What is -4004 (base 12) in base 6?
-52004
Convert 1479 (base 15) to base 8.
10445
10153 (base 7) to base 4
212320
Convert -2044 (base 8) to base 5.
-13220
191 (base 14) to base 10
323
303 (base 16) to base 9
1046
Convert -335425 (base 7) to base 11.
-40820
What is -682 (base 12) in base 9?
-1278
What is -13b3 (base 16) in base 15?
-1763
-73a0 (base 12) to base 9
-18313
Convert 23314 (base 7) to base 15.
1b94
Convert 2323 (base 5) to base 13.
200
Convert 9d7 (base 15) to base 9.
3044
-6b8 (base 12) to base 7
-2633
What is -1523 (base 7) in base 12?
-425
What is 3b99 (base 16) in base 5?
442012
50105 (base 6) to base 16
1979
What is -2189 (base 15) in base 16?
-1bc0
1301432 (base 5) to base 15
772c
-454 (base 10) to base 13
-28c
What is 8cc (base 13) in base 5?
22040
Convert 3176 (base 14) to base 12.
4b30
-5806 (base 9) to base 10
-4299
-362 (base 8) to base 4
-3302
What is -4132 (base 7) in base 9?
-1874
Convert 14a (base 13) to base 7.
450
What is 12333 (base 4) in base 5?
3242
What is 37243 (base 8) in base 7?
64515
What is -12101211 (base 3) in base 14?
-1613
What is -3733 (base 9) in base 14?
-102c
Convert 12141 (base 6) to base 15.
7e4
What is -15607 (base 9) in base 6?
-121311
What is 12002 (base 7) in base 13?
1538
Convert -1101 (base 7) to base 5.
-3033
What is -2461 (base 9) in base 15?
-827
What is -599 (base 14) in base 13?
-67a
253 (base 11) to base 2
100101100
Convert -151 (base 13) to base 4.
-3223
-f10 (base 16) to base 7
-14146
What is -12343 (base 6) in base 11?
-1444
What is -3105 (base 7) in base 8?
-2073
What is 5750 (base 16) in base 8?
53520
What is -46cc (base 15) in base 10?
-15042
-110001001 (base 2) to base 9
-476
Convert 181e (base 15) to base 13.
24a4
Convert -344 (base 15) to base 3.
-1000101
23065 (base 8) to base 16
2635
What is 5385 (base 11) in base 10?
7111
What is 44203 (base 5) in base 7?
11621
-35124 (base 7) to base 9
-13283
What is -1017 (base 9) in base 13?
-454
Convert 2022330 (base 4) to base 2.
10001010111100
Convert 1424 (base 9) to base 10.
1075
Convert -13224 (base 5) to base 14.
-560
Convert -74b6 (base 13) to base 4.
-3331030
Convert 403332 (base 5) to base 2.
11001010100111
Convert 1201 (base 11) to base 5.
22244
Convert -231413 (base 5) to base 9.
-12416
What is -204 (base 7) in base 2?
-1100110
-12956 (base 12) to base 2
-110001111010010
What is -10100010010 (base 2) in base 3?
-1210002
-110001011 (base 2) to base 15
-1b5
What is -258 (base 15) in base 3?
-201202
Convert 63b (base 14) to base 12.
865
Convert 4495 (base 10) to base 3.
20011111
What is -216 (base 16) in base 7?
-1362
11211212 (base 3) to base 15
10a8
What is -440 (base 9) in base 5?
-2420
What is -414 (base 5) in base 2?
-1101101
Convert 2481 (base 9) to base 10.
1855
Convert 1101001110000100 (base 2) to base 8.
151604
What is 202021 (base 3) in base 5?
4142
-ed88 (base 15) to base 16
-c47f
Convert -3a29 (base 11) to base 6.
-40122
What is 30103003 (base 4) in base 6?
1025111
What is -21823 (base 9) in base 4?
-3202320
What is 1313232 (base 4) in base 8?
16756
Convert -46b (base 16) to base 10.
-1131
What is 2200 (base 3) in base 16?
48
What is -1015 (base 8) in base 9?
-643
What is -30304 (base 7) in base 9?
-11071
What is 13121 (base 5) in base 16?
40c
Convert -fdd (base 16) to base 4.
-333131
-5421 (base 6) to base 12
-871
Convert 83198 (base 10) to base 16.
144fe
-4018 (base 15) to base 16
-34d3
Convert 10202020 (base 3) to base 6.
20353
-153535 (base 7) to base 6
-351224
What is -153135 (base 6) in base 14?
-564b
1101000001000100 (base 2) to base 11
3706a
What is -114201 (base 5) in base 10?
-4301
What is 10426 (base 9) in base 7?
26100
Convert 11231 (base 4) to base 7.
1031
Convert -10212 (base 7) to base 5.
-40013
-7637 (base 9) to base 16
-15f7
What is 101222100 (base 3) in base 16?
1f41
1752 (base 8) to base 16
3ea
Convert 10350 (base 7) to base 14.
d27
Convert -9436 (base 11) to base 4.
-3003112
What is 12202111 (base 3) in base 13?
1bac
Convert 3069 (base 12) to base 11.
3a57
What is 1204403 (base 5) in base 3?
1010211112
-25006 (base 11) to base 7
-206535
Convert -25013 (base 7) to base 3.
-22221202
What is -4331 (base 6) in base 9?
-1321
12102 (base 3) to base 15
9b
What is 10121233 (base 4) in base 10?
18031
What is 2006 (base 16) in base 2?
10000000000110
31301 (base 4) to base 9
1178
Convert 1110 (base 16) to base 15.
1463
What is -6256 (base 7) in base 11?
-1718
Convert 5322 (base 11) to base 7.
26350
6aa8 (base 16) to base 15
8154
What is 35c (base 16) in base 6?
3552
a2a6 (base 13) to base 2
101011110101100
What is 339a2 (base 11) in base 15?
e847
-2001 (base 11) to base 12
-165b
What is 12200012 (base 3) in base 6?
31052
-77 (base 16) to base 11
-a9
1444 (base 8) to base 5
11204
-68a2 (base 14) to base 15
-55b9
What is 21031 (base 4) in base 15?
294
Convert 11143 (base 6) to base 10.
1575
-110 (base 2) to base 4
-12
What is -